3 (base 13) to base 10.
3
What is 5 (base 9) in base 2?
101
2 (base 3) to base 4
2
What is -1130 (base 5) in base 13?
-c9
Convert 25 (base 16) to base 13.
2b
What is -3 (base 10) in base 16?
-3
-1 (base 15) to base 10
-1
-126 (base 8) to base 15
-5b
Convert 153 (base 6) to base 9.
76
Convert -61 (base 10) to base 9.
-67
12 (base 14) to base 8
20
Convert 19 (base 13) to base 8.
26
2112 (base 3) to base 8
104
What is -64 (base 9) in base 14?
-42
1 (base 2) to base 7
1
What is -5 (base 13) in base 16?
-5
-13a (base 11) to base 9
-202
-1a0 (base 14) to base 10
-336
What is 220 (base 4) in base 9?
44
-65 (base 11) to base 5
-241
-654 (base 7) to base 10
-333
4 (base 10) to base 4
10
-11130 (base 4) to base 12
-250
Convert -14 (base 13) to base 11.
-16
84 (base 9) to base 14
56
Convert -1 (base 8) to base 16.
-1
What is 110 (base 2) in base 9?
6
-169 (base 12) to base 10
-225
Convert -100001 (base 2) to base 5.
-113
What is 21 (base 4) in base 16?
9
What is 2a6 (base 11) in base 16?
166
143 (base 5) to base 11
44
What is -50 (base 15) in base 10?
-75
What is -29 (base 10) in base 4?
-131
Convert -2 (base 9) to base 7.
-2
-7 (base 8) to base 6
-11
Convert 7 (base 16) to base 11.
7
What is 213 (base 4) in base 10?
39
Convert -22 (base 3) to base 7.
-11
-111111 (base 2) to base 14
-47
-8 (base 12) to base 4
-20
3 (base 10) to base 5
3
-13 (base 12) to base 7
-21
-11 (base 8) to base 5
-14
What is -225 (base 11) in base 3?
-100222
1 (base 2) to base 8
1
Convert -121 (base 12) to base 3.
-20021
-115 (base 7) to base 3
-2021
What is 3 (base 12) in base 6?
3
15 (base 7) to base 9
13
-13 (base 4) to base 9
-7
7 (base 15) to base 13
7
-12221 (base 3) to base 16
-a0
What is 0 (base 10) in base 6?
0
Convert 143 (base 15) to base 16.
120
What is 14 (base 5) in base 3?
100
48 (base 16) to base 3
2200
-18 (base 11) to base 3
-201
What is 24 (base 13) in base 12?
26
What is -1 (base 11) in base 10?
-1
Convert 1 (base 10) to base 11.
1
Convert 1212 (base 3) to base 15.
35
-30 (base 5) to base 13
-12
-40 (base 10) to base 5
-130
Convert -313 (base 4) to base 3.
-2001
Convert 3 (base 11) to base 7.
3
Convert 56 (base 7) to base 13.
32
Convert -1411 (base 5) to base 4.
-3213
What is 1 (base 3) in base 6?
1
What is -1 (base 11) in base 8?
-1
0 (base 3) to base 8
0
Convert -5 (base 15) to base 16.
-5
What is -a2 (base 12) in base 13?
-95
Convert -40 (base 9) to base 14.
-28
Convert -2 (base 6) to base 3.
-2
What is -12 (base 4) in base 7?
-6
Convert 121 (base 9) to base 16.
64
What is 16 (base 16) in base 6?
34
1011 (base 2) to base 14
b
-3 (base 7) to base 3
-10
Convert -13 (base 6) to base 2.
-1001
-18 (base 12) to base 11
-19
Convert 21 (base 3) to base 10.
7
Convert 300 (base 4) to base 2.
110000
Convert 14 (base 13) to base 12.
15
Convert -2c (base 16) to base 7.
-62
Convert -11 (base 10) to base 12.
-b
Convert 1011 (base 3) to base 7.
43
What is -10 (base 2) in base 8?
-2
Convert -36 (base 13) to base 9.
-50
What is 5b (base 13) in base 4?
1030
-6 (base 10) to base 2
-110
201 (base 3) to base 4
103
Convert 15 (base 15) to base 14.
16
Convert 24 (base 5) to base 15.
e
276 (base 10) to base 11
231
0 (base 16) to base 7
0
Convert -2 (base 4) to base 9.
-2
Convert -3 (base 7) to base 3.
-10
-40 (base 8) to base 5
-112
Convert -2d (base 15) to base 6.
-111
-12 (base 8) to base 3
-101
Convert -8c (base 13) to base 9.
-138
What is -58 (base 11) in base 16?
-3f
Convert 18 (base 16) to base 8.
30
Convert 221 (base 3) to base 16.
19
What is -6 (base 11) in base 9?
-6
Convert -1010111 (base 2) to base 7.
-153
Convert 4 (base 10) to base 15.
4
Convert 34 (base 9) to base 5.
111
Convert -1 (base 2) to base 14.
-1
-89 (base 10) to base 14
-65
What is 2 (base 10) in base 9?
2
What is -3 (base 12) in base 7?
-3
Convert 1 (base 16) to base 7.
1
101 (base 3) to base 10
10
What is -1 (base 13) in base 15?
-1
-22 (base 7) to base 5
-31
Convert 1 (base 6) to base 8.
1
Convert -11211 (base 3) to base 5.
-1010
Convert -555 (base 6) to base 11.
-186
What is -22 (base 11) in base 4?
-120
-8 (base 10) to base 11
-8
What is -5 (base 9) in base 4?
-11
Convert 35 (base 8) to base 11.
27
Convert -122 (base 3) to base 16.
-11
Convert -40 (base 5) to base 10.
-20
What is -3c (base 15) in base 11?
-52
What is 0 (base 13) in base 9?
0
Convert 1 (base 10) to base 12.
1
What is -2 (base 4) in base 11?
-2
Convert 0 (base 3) to base 12.
0
Convert 5 (base 11) to base 6.
5
101010101 (base 2) to base 13
203
Convert 3 (base 8) to base 7.
3
What is -4 (base 12) in base 8?
-4
What is 0 (base 10) in base 9?
0
Convert -20 (base 7) to base 8.
-16
1 (base 12) to base 14
1
What is 111 (base 5) in base 9?
34
Convert 6 (base 7) to base 11.
6
41 (base 13) to base 14
3b
-214 (base 7) to base 14
-7b
2 (base 13) to base 16
2
Convert 5 (base 12) to base 16.
5
7 (base 16) to base 11
7
-79 (base 16) to base 9
-144
Convert -333 (base 4) to base 12.
-53
25 (base 12) to base 8
35
-5a (base 13) to base 9
-83
Convert 211 (base 6) to base 5.
304
Convert 34 (base 16) to base 5.
202
-12 (base 6) to base 5
-13
2 (base 4) to base 16
2
What is -15 (base 15) in base 4?
-110
What is -3 (base 6) in base 5?
-3
Convert 5 (base 12) to base 6.
5
-1 (base 9) to base 13
-1
What is 20 (base 13) in base 8?
32
0 (base 12) to base 5
0
Convert 2102 (base 3) to base 16.
41
27 (base 9) to base 11
23
What is 1 (base 10) in base 12?
1
Convert 12 (base 9) to base 15.
b
Convert 100011 (base 2) to base 5.
120
What is 0 (base 7) in base 11?
0
What is 12 (base 3) in base 10?
5
What is -122 (base 4) in base 16?
-1a
-76 (base 10) to base 12
-64
What is -11 (base 2) in base 14?
-3
What is -165 (base 15) in base 12?
-228
Convert 5d (base 14) to base 3.
10002
Convert -3 (base 5) to base 9.
-3
Convert 0 (base 4) to base 12.
0
Convert -1010 (base 2) to base 12.
-a
What is 2 (base 8) in base 3?
2
1a (base 14) to base 9
26
Convert -21 (base 16) to base 13.
-27
-55 (base 7) to base 9
-44
Convert -345 (base 10) to base 14.
-1a9
0 (base 10) to base 6
0
4 (base 12) to base 13
4
What is 0 (base 14) in base 16?
0
Convert 20 (base 3) to base 8.
6
21 (base 6) to base 3
111
Convert 6 (base 14) to base 13.
6
0 (base 10) to base 12
0
Convert -35 (base 9) to base 16.
-20
What is 11 (base 4) in base 15?
5
Convert -a (base 16) to base 12.
-a
Convert -11222 (base 3) to base 8.
-206
-11 (base 4) to base 15
-5
What is 9 (base 15) in base 8?
11
Convert -10 (base 6) to base 12.
-6
Convert 10001 (base 2) to base 9.
18
Convert -5 (base 9) to base 6.
-5
Convert -67 (base 9) to base 11.
-56
What is a (base 15) in base 2?
1010
What is -1101110 (base 2) in base 10?
-110
-32 (base 7) to base 8
-27
What is 2 (base 15) in base 11?
2
What is -4 (base 12) in base 7?
-4
What is 2 (base 9) in base 8?
2
What is 0 (base 16) in base 12?
0
Convert -a (base 16) to base 3.
-101
212 (base 8) to base 14
9c
Convert 2 (base 4) to base 3.
2
Convert 221 (base 3) to base 7.
34
What is -1442 (base 5) in base 13?
-160
Convert 2 (base 9) to base 4.
2
13 (base 12) to base 15
10
What is 10 (base 2) in base 7?
2
Convert 11 (base 4) to base 11.
5
What is 3 (base 6) in base 14?
3
What is 3 (base 8) in base 11?
3
Convert -74 (base 13) to base 15.
-65
What is 2 (base 16) in base 2?
10
-221 (base 6) to base 15
-5a
1 (base 8) to base 3
1
Convert -c (base 16) to base 4.
-30
-11 (base 5) to base 8
-6
What is -3c (base 13) in base 2?
-110011
Convert -257 (base 10) to base 6.
-1105
What is 2012 (base 3) in base 6?
135
23a (base 11) to base 3
101120
What is 2 (base 9) in base 8?
2
Convert 202 (base 4) to base 3.
1021
What is 3 (base 9) in base 6?
3
Convert 10 (base 6) to base 3.
20
What is -4 (base 10) in base 3?
-11
1 (base 4) to base 12
1
-10010101 (base 2) to base 7
-302
What is 1 (base 15) in base 2?
1
Convert 10 (base 3) to base 7.
3
2 (base 6) to base 15
2
What is 250 (base 7) in base 11?
111
Convert -12 (base 9) to base 14.
-b
What is 3 (base 11) in base 7?
3
What is -1a (base 15) in base 4?
-121
Convert 0 (base 4) to base 12.
0
-4 (base 11) to base 12
-4
12 (base 10) to base 5
22
Convert 11 (base 8) to base 6.
13
What is -103 (base 4) in base 5?
-34
-2 (base 6) to base 16
-2
Convert -4 (base 15) to base 6.
-4
435 (base 7) to base 6
1010
What is -101 (base 2) in base 5?
-10
Convert -1133 (base 5) to base 9.
-206